 -11*v + 210 = 2*i - 6*v, -5*i + 525 = 5*v. What is the greatest common factor of 105 and i?
105
Let f be (-15)/(-9) - (-10 + 25928/(-42)). Calculate the highest common factor of 185 and f.
37
Suppose 2*p = -u + 24, -2*p + 34 = -3*u + 10. Calculate the greatest common factor of p and 11208.
12
Let v = -24 + 46. Let a(u) = 398*u + 6146. Let k be a(-15). What is the greatest common divisor of k and v?
22
Let i(a) = a**2 - 24*a - 277. Let t be i(-19). Calculate the greatest common factor of 2295 and t.
135
Suppose -6*d = -10*d + 360. Let h = 203 - 149. What is the highest common divisor of d and h?
18
Suppose 6*m = 5*m + 14. Let d(y) = 20*y**2 - 6 - y**3 + 10*y**2 - 17*y**2 + 8*y + 8*y. Let z be d(m). Calculate the greatest common divisor of z and 242.
22
Let a(k) = 52*k - 100. Let y be a(11). Let m = 1121 - y. What is the greatest common factor of m and 11?
11
Suppose -3*b + 159 = -5*u, 25*b = 28*b + 5*u - 159. Let z be (-3 - (-8 - -5)) + b. Calculate the highest common factor of 106 and z.
53
Suppose -5*w - p + 33 = 0, -2*w - 3*p + 21 = -0. Let n be (-328)/(-12) - w/(-9). Let z be 309 + 1 - (2 + 0). Calculate the greatest common factor of z and n.
28
Suppose -l - 13717 - 8078 = -2*s, -3*l = -9. Calculate the greatest common divisor of s and 63.
63
Suppose 0 = 3*v + 5*o - 333, v + 22 - 129 = -o. What is the greatest common factor of v and 8484?
101
Let p(n) = 5*n**2 + 307*n - 829. Let q be p(-64). Calculate the highest common factor of q and 5.
1
Let h be (-4 - 28/(-12))*-18. Let y = -40 - -6. Let t = h - y. What is the highest common factor of 4 and t?
4
Suppose 8 = 2*a + 22. Let p be 13 - (a + -1)*(-1)/(-2). What is the highest common divisor of 221 and p?
17
Suppose 3*m + 4*o - 5 = 0, 7*o + 8 = 3*m + 8*o. Suppose -r = 3*q - 2332, -m*q + 4*r + 866 = -1491. Calculate the highest common factor of 19 and q.
19
Let z be (-6010)/(-40) + 2/(-8). Let j = 102 - z. Let m be j/(-28) + 4/14. Calculate the highest common divisor of m and 14.
2
Let f = -3 - -22. Suppose -18*r + 199 - f = 0. What is the highest common factor of 20 and r?
10
Suppose 0 = -m - 3*l + 38, 10*l + 25 = 85. What is the highest common factor of 68 and m?
4
Let v = 35 - 25. Suppose -12*a = -7*a - v. Suppose a*h - 138 = -o - o, 3*o - 213 = -h. What is the highest common factor of o and 18?
18
Let k = -3327 - -3607. Calculate the highest common divisor of k and 100.
20
Suppose 8792 = 37*g + 1873. Suppose -n - 39 = -d - 4*n, 0 = -4*d + 3*n + 126. Calculate the highest common divisor of d and g.
11
Let r = -126 - 221. Let p be (1 - 4)*(r - -53). Calculate the greatest common factor of 18 and p.
18
Let n(u) = 2*u**3 + 17*u**2 - u - 42. Let p = -294 - -286. Let c be n(p). Calculate the greatest common divisor of c and 80.
10
Suppose -3*u - 413 = -2*i, -4*u + 9*u = 5. Calculate the greatest common divisor of 338 and i.
26
Let n(v) = 6*v + 344. Let x be n(0). Suppose 3*i - x = 2*i + 2*y, -2*y = -8. Calculate the highest common divisor of 32 and i.
32
Let y be (-1)/(-2) + -3693*21/(-126). Calculate the highest common factor of 144 and y.
8
Suppose 0 = -3*m - 3*m + 54. Suppose z - 3 = -4*x, -2*x - z = -4*z + m. Suppose -13*u + 2*u + 143 = x. What is the highest common factor of 91 and u?
13
Let q(o) = o**3 + 77 - 32 - 2*o**2 - 2*o - 35. Let w be q(3). What is the greatest common divisor of w and 221?
13
Suppose 37*x - 2809 = 16*x - 604. Calculate the greatest common divisor of x and 777.
21
Let g be (6/4 - 0)/((-12)/160). Let p(x) = x**3 + 19*x**2 - 20*x + 24. Let c be p(g). Calculate the greatest common divisor of 240 and c.
24
Let r be 75*16/320*(-6)/(-27)*6. Calculate the greatest common factor of r and 1415.
5
Let t = 9711 - 9014. Calculate the highest common factor of 68 and t.
17
Let m be (-9)/36*12 + 6204. What is the greatest common factor of m and 234?
117
Let q(c) = -c + 147. Let k be q(0). Let l(j) = -44*j + 857. Let o be l(19). What is the greatest common factor of k and o?
21
Let g(f) = 9*f**2 + 10*f + 22. Let r be g(-8). Suppose 522 - r = w. What is the greatest common divisor of 64 and w?
4
Let r(b) = -b + 11. Let a be r(9). Suppose a*l - 5*x - 128 = -x, -x - 1 = 0. Calculate the greatest common factor of 496 and l.
62
Let q = -1008 + 1288. What is the highest common factor of q and 105?
35
Let v(i) = 2*i**2 + 23*i - 58. Let o be v(-15). Suppose -4*l + o = k - l, 4*k - 118 = 2*l. What is the greatest common factor of 128 and k?
32
Suppose -5*i - 2500 = -5*n, 14 - 34 = -5*i. Suppose -23*q = q - n. Calculate the highest common divisor of q and 91.
7
Suppose 17*i = 18*i + 2*o - 76, o = i - 82. Let n = 35 + -25. Let y = n + 6. What is the greatest common factor of y and i?
16
Let l = 775 - 750. Calculate the greatest common divisor of 825 and l.
25
Let n = 3 + -4. Let y(x) be the second derivative of 17*x**4/6 + x**3/3 + x**2/2 + 46*x. Let f be y(n). Calculate the greatest common factor of f and 22.
11
Let q = -1333 + 1433. Let p = -471 - -721. Calculate the highest common divisor of q and p.
50
Suppose 100 = 2*g + 4*x, 204 = 6*g - 2*g + 4*x. Let p be (-17)/(-3) + g/351*9. Calculate the greatest common factor of 203 and p.
7
Let g(x) = -x**3 + 18*x**2 + 22*x - 29. Let z be g(19). Suppose -565 = -5*t + 5*p, -p + 17 = -3*t + 354. Calculate the greatest common divisor of t and z.
28
Let f = -32008 + 35329. What is the highest common divisor of f and 243?
81
Suppose 1575 = -64*u + 79*u. Calculate the highest common divisor of u and 1344.
21
Let i(z) be the third derivative of -1/60*z**5 - 5*z**2 - 7/24*z**4 + 0 + 1/2*z**3 + 0*z. Let t be i(-4). What is the highest common divisor of 45 and t?
15
Let q = 293 + -293. Suppose 0 = 3*w + 3*z - 9, q = -6*w + w - 4*z + 16. What is the greatest common divisor of w and 3?
1
Let t(m) = 8*m**2 - 7*m + 2. Let i(d) = -11*d + 108. Let r be i(10). Let j be t(r). What is the highest common factor of j and 528?
48
Let x(i) = -2*i**2 + 18*i - 32. Let p be x(3). Let z = 339 - 247. Calculate the greatest common factor of p and z.
4
Let v = -71 + 53. Let c be -3 + 7 - -2 - 2. Let j be v*c/((-60)/25). Calculate the highest common factor of j and 6.
6
Let q = 5576 - -7361. What is the greatest common divisor of 51 and q?
17
Let v be 1026/2394 - (-949)/7. Calculate the highest common divisor of 1768 and v.
136
Let c be 11 - 12/(480/(-50))*8. Calculate the greatest common divisor of c and 24.
3
Let b = -675 + 1397. Suppose -b = -4*q - 3*v, -5*q = 2*v - 5*v - 916. Calculate the greatest common divisor of 26 and q.
26
Let b(a) = 12*a**2 - 26*a + 1356. Let s be b(24). Calculate the greatest common factor of 21 and s.
21
Suppose -37 = -7*v - 2. Let t = 320 - 205. Calculate the greatest common divisor of v and t.
5
Let g(l) = 454*l. Let o be g(1). Suppose -3*f + o = 2*s, -14*s + 15*s = f + 222. What is the highest common divisor of s and 128?
32
Let a be (7*-3)/(6/(-28)). Let y be 0 - (24/18 + (-8)/6). Suppose y = 2*t - 208 + 180. Calculate the highest common factor of t and a.
14
Let h = -7493 + 11549. What is the greatest common factor of h and 52?
52
Let a be (1 + 0)/((-2)/(-4)). Let x be ((-3)/4)/((-20)/(75520/177)). What is the greatest common factor of a and x?
2
Suppose 5*i = -p + 6, -3*i + 5 = -4*p + 6*p. Suppose 0*w - 2*w + 18 = 0. Suppose 0 = w*h - 10*h + 10. What is the greatest common factor of p and h?
1
Let l be (-6 + -1)/(21 + -22). Calculate the highest common divisor of 25963 and l.
7
Suppose u + 5*p - 32 = 0, -4*p + 4 + 0 = -u. Let n be ((-21)/15 - 1)/((-18)/585). Let t = n - 66. What is the highest common divisor of t and u?
12
Let m = -183 - -181. Let r be m*(420/(-18) - (-1)/3). Calculate the highest common divisor of r and 69.
23
Let k = -1092 - -1227. Calculate the greatest common divisor of 243 and k.
27
Let o = -2 - -19. Suppose 5*q - 14 = b + 16, -2*q + 48 = -4*b. Let d = o + b. Calculate the highest common factor of d and 77.
7
Let u be 52/(-14) - (-20)/(-70). Let m be u*3/(12/(-20)). What is the highest common divisor of 15 and m?
5
Let v = -364 - -211. Let a = v - -301. Calculate the highest common factor of a and 185.
37
Let q = 9181 + -8920. Calculate the greatest common divisor of 493 and q.
29
Suppose 0 = 4*m, r = -0*r + 2*m + 38. Suppose -30*a + 112 + r = 0. Calculate the greatest common factor of a and 15.
5
Suppose 2*o - 3*h -